at is 30304530 - -13?
30304543
In base 6, what is 100411542 + -10?
100411532
In base 11, what is -1a5a7 - 645a?
-25a56
In base 5, what is -31 - 2434023110?
-2434023141
In base 16, what is 1341 - -9a0?
1ce1
In base 15, what is -8 - -48b7a3c?
48b7a34
In base 15, what is 10a - -4083?
418d
In base 2, what is 1100001 + -1100011010001101?
-1100011000101100
In base 14, what is 122 - -484a81?
484ba3
In base 2, what is -100 - -1001011111100110001101?
1001011111100110001001
In base 2, what is -101101 + 1010000000000001010?
1001111111111011101
In base 10, what is -12515 + 2196?
-10319
In base 16, what is 7f - -36fe2?
37061
In base 14, what is -320a62 + 6?
-320a5a
In base 13, what is -45861 + 881?
-44cb0
In base 2, what is -11 + 100010111101000000001100?
100010111101000000001001
In base 16, what is -163 + -1aadb0?
-1aaf13
In base 6, what is -441320002 - -3?
-441315555
In base 16, what is 2f7 - 2237?
-1f40
In base 9, what is 25116633 + 3?
25116636
In base 2, what is -1 + 1100000111111011111110110?
1100000111111011111110101
In base 11, what is 1906 + -16840?
-14a35
In base 11, what is 2 - -2485841?
2485843
In base 2, what is 11 + -100101100010001010000?
-100101100010001001101
In base 13, what is 176 - -34b044?
34b1ba
In base 6, what is -445444424 - 3?
-445444431
In base 16, what is -a - 2de3ba?
-2de3c4
In base 6, what is -12 - -3024415?
3024403
In base 2, what is -110001100100010111000100 + -11110?
-110001100100010111100010
In base 11, what is -30 + -400713?
-400743
In base 14, what is -470 - 13a7a?
-1410a
In base 5, what is 4 - -20322211433?
20322211442
In base 14, what is 1aa3bc67 - -3?
1aa3bc6a
In base 2, what is 10001110010110111011100 - 1001?
10001110010110111010011
In base 4, what is 30221223 - 102302?
30112321
In base 14, what is -92 + -18831?
-188c3
In base 12, what is -4611 + -a588?
-12b99
In base 8, what is -153 + -1545577?
-1545752
In base 15, what is -3678 - 939?
-40b2
In base 7, what is -145 + 2401315?
2401140
In base 2, what is 1001101001001000 + -11011100000?
1001001101101000
In base 15, what is -13 - -d6089?
d6076
In base 11, what is 1aa98 - -253?
20240
In base 13, what is 25ca2245 - -3?
25ca2248
In base 11, what is 4477 + 109aa?
15376
In base 15, what is 122 + -31451?
-3132e
In base 9, what is -204 - 68545?
-68750
In base 2, what is -101111011101101011001 - -1001011?
-101111011101100001110
In base 13, what is 1 - -13b0721?
13b0722
In base 3, what is -10100020001 - -100002?
-10022212222
In base 3, what is 10212101101 + 20120120?
11002221221
In base 3, what is -10021221011112121 + 2?
-10021221011112112
In base 4, what is 22202002331 + 10?
22202003001
In base 15, what is -2cb18 + da?
-2ca2d
In base 11, what is 279a + -35a3?
-904
In base 3, what is -1121110111101202210 - 2?
-1121110111101202212
In base 9, what is -160882 + 124?
-160757
In base 14, what is -4cc - 5531?
-5a1d
In base 3, what is -212020110110202 + -101?
-212020110111010
In base 3, what is 10112010211020 + -1010?
10112010210010
In base 14, what is 61 + -744c?
-73cb
In base 14, what is 1a - 23c98?
-23c7c
In base 10, what is -197 + -98319?
-98516
In base 4, what is 3 + 1123122223001?
1123122223010
In base 11, what is 1 + 25225306?
25225307
In base 10, what is 9 - 107686?
-107677
In base 13, what is -880a15c3 - -2?
-880a15c1
In base 15, what is -856 + -3814?
-416a
In base 11, what is 2a1809502 - -5?
2a1809507
In base 16, what is -5b3a6 - -1?
-5b3a5
In base 11, what is 3a16 - -282?
4198
In base 9, what is 1458 - -1528?
3087
In base 3, what is 20022 - 200112012?
-200021220
In base 16, what is 16e - -7fa1?
810f
In base 12, what is 1779b + -112?
17689
In base 6, what is -432355 - -2001?
-430354
In base 16, what is 11d9 - 1338d?
-121b4
In base 5, what is 1123 + 1134111020?
1134112143
In base 16, what is -1f576 - -20ec?
-1d48a
In base 12, what is -13 + -1818b?
-181a2
In base 10, what is -248 + -38557?
-38805
In base 13, what is -14a0c2 - -13?
-14a0ac
In base 7, what is 152 - 40163122?
-40162640
In base 14, what is 4 - a77636?
-a77632
In base 15, what is 5 - 11bddb98?
-11bddb93
In base 6, what is -2 - 20252350?
-20252352
In base 8, what is -210 - -213166?
212756
In base 2, what is 110 - -1111000110000000101011000?
1111000110000000101011110
In base 11, what is -2 + -623963?
-623965
In base 12, what is -12 + -644929?
-64493b
In base 14, what is 3 + -15dcacb?
-15dcac8
In base 16, what is 76851 - -12?
76863
In base 15, what is -4 - -134cc41e?
134cc41a
In base 10, what is 215189 + 3661?
218850
In base 9, what is -151 + 1005148?
1004887
In base 15, what is -cd70e + 5?
-cd709
In base 15, what is -2e9 + a659?
a360
In base 9, what is 3527 + 15505?
20133
In base 8, what is -106100154 - 20?
-106100174
In base 13, what is 1a5 + 21b8?
2390
In base 11, what is -10866838 - 1a?
-10866857
In base 2, what is 100 + 10110101010110001100?
10110101010110010000
In base 15, what is -3195 + cc0?
-23c5
In base 16, what is -14559599 - 4?
-1455959d
In base 7, what is 5001056 - 622?
5000134
In base 10, what is 1288881 + -50?
1288831
In base 3, what is 1202 - 212211112022?
-212211110120
In base 3, what is -1222 - -2101210102122?
2101210100200
In base 13, what is 1a2ca9 + 33?
1a300c
In base 4, what is 1331 - 103233110303?
-103233102312
In base 14, what is -952d43 + 6?
-952d3b
In base 3, what is -110011011120211 - 10?
-110011011120221
In base 6, what is 1113 - 3231425?
-3230312
In base 4, what is 132212020 + 2212?
132220232
In base 10, what is 929545 - -4?
929549
In base 13, what is -b81c - -41a?
-b402
In base 5, what is -31122 - 1302113?
-1333240
In base 7, what is 4 - 1145510533?
-1145510526
In base 14, what is -119 + 76b29d?
76b184
In base 11, what is 97a3 + 390?
a083
In base 11, what is -715000 + 385?
-714726
In base 12, what is 31a6b71 + 5?
31a6b76
In base 13, what is 1545437a2 - -4?
1545437a6
In base 9, what is 54 + -4156?
-4102
In base 12, what is 4400 - 7a8?
3814
In base 10, what is -72667192 - 5?
-72667197
In base 6, what is -12003415 + 1502?
-12001513
In base 9, what is 1 + -1742456?
-1742455
In base 4, what is 221003 + 211?
221220
In base 15, what is c5d - 144c?
-6de
In base 5, what is 10304 + 1132240?
1143044
In base 12, what is -209b - -62b7?
4218
In base 16, what is 4b4a68a + 2?
4b4a68c
In base 11, what is -2 - -1053aa54?
1053aa52
In base 5, what is -401332 - 23323?
-430210
In base 5, what is 1441214 - 3141?
1433023
In base 13, what is 1b273 - 181?
1b0c2
In base 11, what is -5 + 85291732?
85291728
In base 7, what is -4364 + -13355?
-21052
In base 16, what is 20c7dd5 - 17?
20c7dbe
In base 15, what is -78 - 1e6aba?
-1e6b43
In base 6, what is 342305004134 - 3?
342305004131
In base 3, what is 21010012222210000 + 11?
21010012222210011
In base 3, what is -12011 - 11121222001?
-11122011012
In base 6, what is 432211551 + 24?
432212015
In base 7, what is 5151 - 40146?
-31665
In base 12, what is 0 + -135091?
-135091
In base 7, what is -4 - 243452205?
-243452212
In base 16, what is -2 + -5168b?
-5168d
In base 11, what is -422784 + -35?
-422809
In base 4, what is -1322301 + 121003?
-1201232
In base 12, what is 1 - 4238a84?
-4238a83
In base 4, what is 11031233 - -330032?
12021331
In base 11, what is -5094702a2 + 3?
-50947029a
In base 5, what is 1034140021442 - 0?
1034140021442
In base 13, what is -9 - -44504?
444c8
In base 15, what is 2673e + -69a?
26094
In base 2, what is 10010 - -10011111111001011001?
10011111111001101011
In base 6, what is -321250225 + -5?
-321250234
In base 2, what is -110011001000001010 + -11101?
-110011001000100111
In base 11, what is 1682a + -417?
16413
In base 15, what is -1a54 - 108a1?
-12405
In base 4, what is -1321 + 11103123111?
11103121130
In base 5, what is -2444 + -42240020?
-42243014
In base 11, what is -4010a6 - 20?
-401116
In base 5, what is 0 - -221324432?
221324432
In base 11, what is -31186867 - 5?
-31186871
In base 9, what is -15615678 - 3?
-15615682
In base 10, what is 6488 + 2861?
9349
In base 5, what is -20133 - 242120?
-312303
In base 10, what is -447 - 84349?
-84796
In base 15, what is -127 - -2a4?
17c
In base 13, what is 197 + -8851?
-8687
In base 2, what is -11000011101011001010 + -111101110?
-11000011110010111000
In base 12, what is 7a392925 + -2?
7a392923
In base 12, what is 4 + -15a982b?
-15a9827
In base 12, what is 74996 - -13?
749a9
In base 12, what is -3 - 858583?
-